+ 9. Suppose -w*o + 8 + 2 = 0. Suppose 20 = o*x - 0*x. What are the prime factors of x?
2
Let t be (-3)/(-7) - (-78)/14. List the prime factors of (-292)/(-5) + t/(-15).
2, 29
Let u(f) = -3*f + 4*f + 7 - 2*f. What are the prime factors of u(4)?
3
Let l = 4 - -76. Suppose -5*h + m - 6*m = -l, 4*h + m - 76 = 0. List the prime factors of ((-2)/(-5))/(2/h).
2
Suppose -5*g - h + 258 - 76 = 0, -2*g = -h - 70. Suppose -o = 3*o - g. Let r = -1 + o. What are the prime factors of r?
2
Let y be (-5)/((-3)/6*2). Suppose -4*w = -2 - 2, -y*c = 2*w - 22. List the prime factors of c.
2
Let d be 5*((-36)/10)/3. Let m = 5 + d. What are the prime factors of (-3 + 1)/(-2) - m?
2
List the prime factors of (-8875)/(-45) + 8/(-36).
197
Let z be -2 + 0 + 0 + 1. Let v = 1 + z. Suppose d - 12 = -v*d. What are the prime factors of d?
2, 3
Let t = 79 - 44. What are the prime factors of t?
5, 7
Let d(l) = -l**3 + 12*l**2 + 6*l - 45. List the prime factors of d(12).
3
Suppose 0 = 5*n - 5*q - 175, 5*q - 68 - 45 = -4*n. List the prime factors of n.
2
Let y = 331 + -215. List the prime factors of y.
2, 29
Suppose 0*s - 2 = -s. Let v(p) = 2*p**s - 5*p**2 - 2 + 10*p + 2*p**2. List the prime factors of v(9).
7
Let d be 4/10*(2 - -3). Suppose g - d*g + 5 = 0. What are the prime factors of g?
5
Let s = -1 + 7. Let v be (-78)/(-4) + 3/s. Suppose a + a = v. List the prime factors of a.
2, 5
Let h = 6 + 47. What are the prime factors of h?
53
Let s = 2 - -3. Suppose 0 = s*a + 4*b - 53, a - b + 1 - 17 = 0. What are the prime factors of a?
13
Let g(n) = -209*n**3 + 1. Let z be g(-1). Suppose 5*w - 10*w = -z. List the prime factors of w.
2, 3, 7
Suppose 0 = 4*m + 2*w - 62, -12 - 3 = 5*w. Suppose -32 = -4*r - 5*z + 49, r - 2*z = m. What are the prime factors of r?
19
Suppose -64 = s - 4*b - 262, -4*s = -b - 732. What are the prime factors of s?
2, 7, 13
Let h(n) = n - 2. Let v be h(9). Let d(w) = w**2 - 4*w + 2. Let u be d(v). Suppose 0 = 4*b + 2*f - 18 - 2, -b + u = -4*f. What are the prime factors of b?
7
Let x be -2*(-3 - 8/(-4)). Suppose -x*z - 5*q = -34, 0 = -z - 2*q + 18 - 0. List the prime factors of z.
2, 11
Suppose 41 = -5*b + 16, -5*h - 10 = 3*b. Let j = h + -6. Let z(x) = -x**2 - 8*x - 4. What are the prime factors of z(j)?
11
Let g = -12 + 1. Let k = g + 9. What are the prime factors of 17 + k + (4 - 0)?
19
Let c = -37 + 80. List the prime factors of c.
43
Let a = 7 + -3. Let c = 12 - 3. Suppose a*z = 23 + c. List the prime factors of z.
2
Suppose -5*v = -3*z - 0*v, 19 = -2*z - 3*v. Let l = z + 9. Suppose 5*y - 5*r = 35, -l*y + 2*r = -0*r - 30. What are the prime factors of y?
2
Suppose 5*s = 3*q + 11, -2*q - 4*s + 18 = -s. Let c be q - (31 + 2)/(-3). Suppose 3*j - 7*j = -5*i + 1, 0 = j - 4*i + c. What are the prime factors of j?
2, 3
Let a(u) = u**3 - 6*u**2 + u + 11. Let g(b) = b**3 - 6*b**2 + b + 10. Let h(w) = -6*a(w) + 7*g(w). What are the prime factors of h(6)?
2, 5
Suppose -7*v + 472 = 3*j - 2*v, -3*j + v = -478. What are the prime factors of j?
3, 53
Let x be 2*(0 + (-1)/(-2)). Let a = x - -2. Let h(q) = q**2 - 2*q + 1. List the prime factors of h(a).
2
Let n be (4 - 1)/(2/2). Suppose 2*t + 0*t = -n*y + 53, -t - y + 24 = 0. List the prime factors of t.
19
Let z(k) = -k**3 - 3*k**2 + 5*k - 1. Let l be 12/42 + 37/(-7). What are the prime factors of z(l)?
2, 3
Let k be 8/2 - (1 + 0). Suppose -k*a = -8*a + 20. Suppose -a*r + 3*f = -r - 9, 2*f - 4 = 0. What are the prime factors of r?
5
Suppose -5*d + 3*w = -712, 5*d + w - 704 = 2*w. What are the prime factors of d?
2, 5, 7
Suppose 0*f - 4 = -4*f, 0 = -5*c - 4*f + 34. Suppose -u - u + c = 0. List the prime factors of u.
3
Let r = 53 - 14. What are the prime factors of r?
3, 13
Let c be ((-6)/9)/(8/(-36)). Suppose -c*a = a - 144. List the prime factors of a.
2, 3
Let d(u) = 2*u**2 + 6*u - 3. Let i(v) = -3*v**2 - 5*v + 2. Let t(p) = 4*d(p) + 3*i(p). Suppose -5*k - 14 + 54 = 0. What are the prime factors of t(k)?
2
Let z(m) = -m**3 - 7*m**2 + 3*m + 2. What are the prime factors of z(-8)?
2, 3, 7
Let d = 134 - 88. List the prime factors of d.
2, 23
Suppose 0 = 2*n - 0*n. Let o be 2/(-18)*-3*0. Suppose n = -4*x - o*x + 44. List the prime factors of x.
11
Suppose -3*p + 16 = p. Suppose -w - 3*g = -23, 0*w - p*g + 84 = 3*w. List the prime factors of w.
2
Suppose 2*y = -v + 13, -4*y + 5 = -7*v + 2*v. What are the prime factors of v?
3
Let t = 158 + 29. List the prime factors of t.
11, 17
Suppose 0 = -4*a - 57 + 257. List the prime factors of a.
2, 5
Let p(y) = 37*y**2. Let u be 6 + -6 - (-2 - -1). Let h be p(u). Let d = -26 + h. What are the prime factors of d?
11
Suppose 35 = 8*u - 3*u. List the prime factors of u.
7
Suppose -16 = s - 5*s. Suppose k - 24 = -s*j - j, 2*k = 5*j + 3. What are the prime factors of k?
3
Suppose 0 = 3*h - 2*h. Let r be (1 + (-1 - h))*-1. Suppose 2*c - 71 = -5*d, -2*d = -r*d - 4*c - 14. List the prime factors of d.
13
Let i(s) be the third derivative of -s**6/120 - s**5/30 - s**4/6 + s**3/2 + 7*s**2. What are the prime factors of i(-4)?
3, 17
Let h(p) = -51*p**3 - 3*p**2 + 1. What are the prime factors of h(-1)?
7
Let r(v) = -v**2 + 12*v - 8. Suppose -a = 4*z - 45, -5*a = z + 3*z - 65. What are the prime factors of r(z)?
2, 3
Suppose 2*p + m = -7, -2*p - m = p + 8. Suppose 2*a + 20 = 4*a + u, 0 = a + 2*u - 4. Let i = p + a. List the prime factors of i.
11
Let g be 8 + -2 - 2*1. Let x be (-9)/(-12)*1*g. Suppose 6*q - x*q - 5*f - 17 = 0, q = -5*f + 19. What are the prime factors of q?
3
Let b = 6 + -10. Let a(p) = -5*p + 4. What are the prime factors of a(b)?
2, 3
Let n = 5 + -3. Let j(o) = 4*o - 3. What are the prime factors of j(n)?
5
Let k = 48 + -17. List the prime factors of k.
31
Suppose 0 = 4*i - 3*d - 1342, -4*i + d = -0*i - 1346. What are the prime factors of i?
337
Suppose -2*w = 0, -2 - 2 = -2*y + w. What are the prime factors of 1/(y/(18 - 2))?
2
Let x(q) = q - 7. Let n be x(9). Suppose -i + n = i. List the prime factors of -6*(i/(-2) + -1).
3
Suppose -2*z + 5*z + 5*s = 10, 2*z - 2*s = 12. Let m be (-21)/2*4/(-6). Suppose 4*b - 49 = z*c, -3*b - m = 4*c + c. List the prime factors of b.
2, 3
Suppose -3*a + 424 = a + 2*z, 4*z - 16 = 0. What are the prime factors of a?
2, 13
Let g(i) = 15*i - 1. Let l(a) = -a. Let y be l(-1). List the prime factors of g(y).
2, 7
Let q(i) = -3*i**2 - 2 + i**2 - 9*i**3 + 1 - 2*i. Let v be q(-1). Let c = v + 4. What are the prime factors of c?
2, 3
Let b(c) = c**3 - 6*c**2 - 8*c + 7. Let g be b(7). Suppose -v + 3 + 1 = g. Suppose 5 = v*a - 7. What are the prime factors of a?
3
List the prime factors of 15/20 + (-2 - (-807)/12).
2, 3, 11
Suppose -4*h + 371 = -q, 3*h + 185 = 5*h - q. What are the prime factors of h?
3, 31
What are the prime factors of (-302)/(-8) - 4/(16/3)?
37
Let z = -28 + 0. What are the prime factors of (z/(-12))/((-1)/(-3))?
7
Let f be (-46)/10 - (-6)/10. What are the prime factors of f/(-3)*(-54)/(-12)?
2, 3
Let m = 705 - 379. List the prime factors of m.
2, 163
Suppose -2*z = -4*g - 154, -4*z = g - 320 + 48. What are the prime factors of z?
3, 23
Suppose 4*j = -3*k - j + 114, 0 = 3*k - j - 132. List the prime factors of k.
43
Suppose -3*d = d - 56. List the prime factors of d.
2, 7
Let g(w) be the second derivative of -w**3/6 + 3*w**2/2 - w. Let k be g(3). Suppose 4*i - 2*i + 46 = 4*u, k = -3*u - i + 27. List the prime factors of u.
2, 5
Suppose 4*a - 58 = 2*v, 3*a = 7*a - 5*v - 49. List the prime factors of a.
2
Let r be (0 - (-2 - 10))*1. Suppose -3*n + r = -3. Let k(y) = 2*y - 4. What are the prime factors of k(n)?
2, 3
Let j(d) = d**2 - 8*d - 5. Let l = 17 + -6. What are the prime factors of j(l)?
2, 7
Let g(y) = -y**2 - 12*y - 7. List the prime factors of g(-6).
29
Let r be 6/(-4)*16/(-12). Let t be (-1)/(-1) + 1 + 1. Suppose -4*v = 5*a - 54, 1 + t = r*a. What are the prime factors of v?
11
Suppose v - 12 = 2*n + 3*n, -v - 5*n + 12 = 0. Let k = -9 + v. List the prime factors of k.
3
Let y(x) = -x**2 + 7*x + 1. Let d be (6 - (0 + 0))*1. What are the prime factors of y(d)?
7
Suppose 6*f + 3*o - 93 = 3*f, -62 = -2*f + 3*o. List the prime factors of f.
31
Let f = 4 - 2. Suppose -f*i = -15 + 3. List the prime factors of i.
2, 3
Let w(u) = -u**3 + 10*u**2 + 15*u - 11. What are the prime factors of w(11)?
3, 11
Let i = 42 - 40. What are the 